{"id":58,"date":"2021-07-26T22:55:24","date_gmt":"2021-07-26T20:55:24","guid":{"rendered":"https:\/\/www.kneipp-sachsen.de\/bad-schlema\/?page_id=58"},"modified":"2025-08-08T09:30:48","modified_gmt":"2025-08-08T07:30:48","slug":"ueber-uns","status":"publish","type":"page","link":"https:\/\/kneipp-sachsen.de\/schoeneck\/wer-wir-sind\/ueber-uns\/","title":{"rendered":"\u00dcber uns"},"content":{"rendered":"<!--themify_builder_content-->\n<div id=\"themify_builder_content-58\" data-postid=\"58\" class=\"themify_builder_content themify_builder_content-58 themify_builder tf_clear\">\n                    <div  data-lazy=\"1\" class=\"module_row themify_builder_row tb_vdk5170 tb_first tf_w\">\n                        <div class=\"row_inner col_align_top tb_col_count_1 tf_box tf_rel\">\n                        <div  data-lazy=\"1\" class=\"module_column tb-column col-full tb_guqa175 first\">\n                            <div  data-lazy=\"1\" class=\"module_subrow themify_builder_sub_row tf_w col_align_top tb_col_count_1 tb_sot6177\">\n                <div  data-lazy=\"1\" class=\"module_column sub_column col-full tb_8d1u186 first\">\n                    <!-- module fancy heading -->\n<div  class=\"module module-fancy-heading tb_br67188  tb_hide_divider\" data-lazy=\"1\">\n        <h1 class=\"fancy-heading\">\n    <span class=\"main-head tf_block\">\n                    Wer wir sind            <\/span>\n\n    \n    <span class=\"sub-head tf_block tf_rel\">\n                                <\/span>\n    <\/h1>\n<\/div>\n<!-- \/module fancy heading -->\n        <\/div>\n                    <\/div>\n                <\/div>\n                        <\/div>\n        <\/div>\n                        <div  data-lazy=\"1\" class=\"module_row themify_builder_row tb_y8vd171 tf_w\">\n                        <div class=\"row_inner col_align_top tb_col_count_1 tf_box tf_rel\">\n                        <div  data-lazy=\"1\" class=\"module_column tb-column col-full tb_j0mo203 first\">\n                            <div  data-lazy=\"1\" class=\"module_subrow themify_builder_sub_row tf_w col_align_top tb_col_count_1 tb_vajj205\">\n                <div  data-lazy=\"1\" class=\"module_column sub_column col-full tb_urgu205 first\">\n                    <!-- module text -->\n<div  class=\"module module-text tb_xj15843   \" data-lazy=\"1\">\n        <div  class=\"tb_text_wrap\">\n        <p><strong>Der Kneipp-Verein Sch\u00f6neck wurde im November 2004 gegr\u00fcndet und widmet sich aktiv der Vermittlung und Verbreitung\u00a0der Gesundheitslehre nach Sebastian Kneipp.<\/strong><br>Die f\u00fcnf Kneippschen S\u00e4ulen &#8211; Wasser, Ern\u00e4hrung, Bewegung, Pflanzen, Ordnungstherapie &#8211; bilden die Grundlagen der Aktivit\u00e4ten des Kneipp-Vereins. Das ganze Jahr \u00fcber gibt es vielf\u00e4ltige Angebote an Kursen und Monatsveranstaltungen, die f\u00fcr alle Interessenten offen sind.<\/p>\n<p>Unsere Heimatstadt Sch\u00f6neck- ein wirklich \u201esch\u00f6nes Eck\u201c\u2013 der Balkon des Vogtlandes.<\/p>\n<p><a href=\"https:\/\/www.stadt-schoeneck.de\/\">Stadt Sch\u00f6neck \/ Vogtland | Der Balkon des Vogtlands<\/a><\/p>    <\/div>\n<\/div>\n<!-- \/module text -->        <\/div>\n                    <\/div>\n                <\/div>\n                        <\/div>\n        <\/div>\n                        <div  data-lazy=\"1\" class=\"module_row themify_builder_row tb_h9yt595 tf_w\">\n                        <div class=\"row_inner col_align_top tb_col_count_1 tf_box tf_rel\">\n                        <div  data-lazy=\"1\" class=\"module_column tb-column col-full tb_c6u8595 first\">\n                    <!-- module fancy heading -->\n<div  class=\"module module-fancy-heading tb_n8vf180  tb_hide_divider\" data-lazy=\"1\">\n        <h1 class=\"fancy-heading\">\n    <span class=\"main-head tf_block\">\n                    Vorstand            <\/span>\n\n    \n    <span class=\"sub-head tf_block tf_rel\">\n                                <\/span>\n    <\/h1>\n<\/div>\n<!-- \/module fancy heading -->\n        <\/div>\n                        <\/div>\n        <\/div>\n                        <div  data-lazy=\"1\" class=\"module_row themify_builder_row tb_7f6y34 tf_w\">\n                        <div class=\"row_inner col_align_top tb_col_count_1 tf_box tf_rel\">\n                        <div  data-lazy=\"1\" class=\"module_column tb-column col-full tb_ib3l34 first\">\n                    <!-- module image -->\n<div  class=\"module module-image tb_1eon455 image-top   tf_mw\" data-lazy=\"1\">\n        <div class=\"image-wrap tf_rel tf_mw\">\n            <img loading=\"lazy\" decoding=\"async\" width=\"1757\" height=\"959\" src=\"https:\/\/kneipp-sachsen.de\/schoeneck\/wp-content\/uploads\/2025\/08\/Vorstand_Kneipp_05_25.jpg\" class=\"wp-post-image wp-image-465\" title=\"Vorstand_Kneipp_05_25\" alt=\"Vorstand_Kneipp_05_25\" srcset=\"https:\/\/kneipp-sachsen.de\/schoeneck\/wp-content\/uploads\/2025\/08\/Vorstand_Kneipp_05_25.jpg 1757w, https:\/\/kneipp-sachsen.de\/schoeneck\/wp-content\/uploads\/2025\/08\/Vorstand_Kneipp_05_25-300x164.jpg 300w, https:\/\/kneipp-sachsen.de\/schoeneck\/wp-content\/uploads\/2025\/08\/Vorstand_Kneipp_05_25-1024x559.jpg 1024w, https:\/\/kneipp-sachsen.de\/schoeneck\/wp-content\/uploads\/2025\/08\/Vorstand_Kneipp_05_25-768x419.jpg 768w, https:\/\/kneipp-sachsen.de\/schoeneck\/wp-content\/uploads\/2025\/08\/Vorstand_Kneipp_05_25-1536x838.jpg 1536w\" sizes=\"auto, (max-width: 1757px) 100vw, 1757px\" \/>    \n        <\/div>\n    <!-- \/image-wrap -->\n    \n        <\/div>\n<!-- \/module image -->        <\/div>\n                        <\/div>\n        <\/div>\n                        <div  data-lazy=\"1\" class=\"module_row themify_builder_row tb_8g4a28 tf_w\">\n                        <div class=\"row_inner col_align_top tb_col_count_1 tf_box tf_rel\">\n                        <div  data-lazy=\"1\" class=\"module_column tb-column col-full tb_bl6f28 first\">\n                    <!-- module text -->\n<div  class=\"module module-text tb_n5vf942   \" data-lazy=\"1\">\n        <div  class=\"tb_text_wrap\">\n        <p style=\"text-align: center;\">Vorsitzende Kerstin Weinper<br>Stellv. Vorsitzender Dr. med. Gregor D\u00f6ring<br>Schatzmeisterin Petra Hildebrand<br>Beisitzerin Claudia Bangert<br>Beisitzerin Sandra Engelbrecht<br>Beisitzerin Bianca Weigelt<br>Kassenpr\u00fcferin Sandy Schmidt<br>Kassenpr\u00fcferin Manuela Petermann<br>Beratend f\u00fcr den Vorstand: Heike Meinel, Dr. Ing. Danny Messig<\/p>    <\/div>\n<\/div>\n<!-- \/module text -->        <\/div>\n                        <\/div>\n        <\/div>\n        <\/div>\n<!--\/themify_builder_content-->","protected":false},"excerpt":{"rendered":"<p>Der Kneipp-Verein Sch\u00f6neck wurde im November 2004 gegr\u00fcndet und widmet sich aktiv der Vermittlung und Verbreitung\u00a0der Gesundheitslehre nach Sebastian Kneipp.Die f\u00fcnf Kneippschen S\u00e4ulen &#8211; Wasser, Ern\u00e4hrung, Bewegung, Pflanzen, Ordnungstherapie &#8211; bilden die Grundlagen der Aktivit\u00e4ten des Kneipp-Vereins. Das ganze Jahr \u00fcber gibt es vielf\u00e4ltige Angebote an Kursen und Monatsveranstaltungen, die f\u00fcr alle Interessenten offen sind. [&hellip;]<\/p>\n","protected":false},"author":2,"featured_media":0,"parent":64,"menu_order":0,"comment_status":"closed","ping_status":"closed","template":"","meta":{"footnotes":"","advanced-sidebar-menu\/link-title":"","advanced-sidebar-menu\/exclude-page":false},"class_list":["post-58","page","type-page","status-publish","hentry","has-post-title","has-post-date","has-post-category","has-post-tag","has-post-comment","has-post-author",""],"yoast_head":"<!-- This site is optimized with the Yoast SEO plugin v25.6 - https:\/\/yoast.com\/wordpress\/plugins\/seo\/ -->\n<title>\u00dcber uns - Kneipp Verein Sch\u00f6neck e.V.<\/title>\n<meta name=\"robots\" content=\"noindex, follow, max-snippet:-1, max-image-preview:large, max-video-preview:-1\" \/>\n<meta property=\"og:locale\" content=\"de_DE\" \/>\n<meta property=\"og:type\" content=\"article\" \/>\n<meta property=\"og:title\" content=\"\u00dcber uns - Kneipp Verein Sch\u00f6neck e.V.\" \/>\n<meta property=\"og:description\" content=\"Der Kneipp-Verein Sch\u00f6neck wurde im November 2004 gegr\u00fcndet und widmet sich aktiv der Vermittlung und Verbreitung\u00a0der Gesundheitslehre nach Sebastian Kneipp.Die f\u00fcnf Kneippschen S\u00e4ulen - Wasser, Ern\u00e4hrung, Bewegung, Pflanzen, Ordnungstherapie - bilden die Grundlagen der Aktivit\u00e4ten des Kneipp-Vereins. Das ganze Jahr \u00fcber gibt es vielf\u00e4ltige Angebote an Kursen und Monatsveranstaltungen, die f\u00fcr alle Interessenten offen sind. [&hellip;]\" \/>\n<meta property=\"og:url\" content=\"https:\/\/kneipp-sachsen.de\/schoeneck\/wer-wir-sind\/ueber-uns\/\" \/>\n<meta property=\"og:site_name\" content=\"Kneipp Verein Sch\u00f6neck e.V.\" \/>\n<meta property=\"article:modified_time\" content=\"2025-08-08T07:30:48+00:00\" \/>\n<meta property=\"og:image\" content=\"https:\/\/kneipp-sachsen.de\/schoeneck\/wp-content\/uploads\/2025\/08\/Vorstand_Kneipp_05_25.jpg\" \/>\n\t<meta property=\"og:image:width\" content=\"1757\" \/>\n\t<meta property=\"og:image:height\" content=\"959\" \/>\n\t<meta property=\"og:image:type\" content=\"image\/jpeg\" \/>\n<meta name=\"twitter:card\" content=\"summary_large_image\" \/>\n<meta name=\"twitter:label1\" content=\"Gesch\u00e4tzte Lesezeit\" \/>\n\t<meta name=\"twitter:data1\" content=\"1\u00a0Minute\" \/>\n<script type=\"application\/ld+json\" class=\"yoast-schema-graph\">{\"@context\":\"https:\/\/schema.org\",\"@graph\":[{\"@type\":\"WebPage\",\"@id\":\"https:\/\/kneipp-sachsen.de\/schoeneck\/wer-wir-sind\/ueber-uns\/\",\"url\":\"https:\/\/kneipp-sachsen.de\/schoeneck\/wer-wir-sind\/ueber-uns\/\",\"name\":\"\u00dcber uns - Kneipp Verein Sch\u00f6neck e.V.\",\"isPartOf\":{\"@id\":\"https:\/\/kneipp-sachsen.de\/schoeneck\/#website\"},\"primaryImageOfPage\":{\"@id\":\"https:\/\/kneipp-sachsen.de\/schoeneck\/wer-wir-sind\/ueber-uns\/#primaryimage\"},\"image\":{\"@id\":\"https:\/\/kneipp-sachsen.de\/schoeneck\/wer-wir-sind\/ueber-uns\/#primaryimage\"},\"thumbnailUrl\":\"https:\/\/kneipp-sachsen.de\/schoeneck\/wp-content\/uploads\/2025\/08\/Vorstand_Kneipp_05_25.jpg\",\"datePublished\":\"2021-07-26T20:55:24+00:00\",\"dateModified\":\"2025-08-08T07:30:48+00:00\",\"breadcrumb\":{\"@id\":\"https:\/\/kneipp-sachsen.de\/schoeneck\/wer-wir-sind\/ueber-uns\/#breadcrumb\"},\"inLanguage\":\"de\",\"potentialAction\":[{\"@type\":\"ReadAction\",\"target\":[\"https:\/\/kneipp-sachsen.de\/schoeneck\/wer-wir-sind\/ueber-uns\/\"]}]},{\"@type\":\"ImageObject\",\"inLanguage\":\"de\",\"@id\":\"https:\/\/kneipp-sachsen.de\/schoeneck\/wer-wir-sind\/ueber-uns\/#primaryimage\",\"url\":\"https:\/\/kneipp-sachsen.de\/schoeneck\/wp-content\/uploads\/2025\/08\/Vorstand_Kneipp_05_25.jpg\",\"contentUrl\":\"https:\/\/kneipp-sachsen.de\/schoeneck\/wp-content\/uploads\/2025\/08\/Vorstand_Kneipp_05_25.jpg\",\"width\":1757,\"height\":959},{\"@type\":\"BreadcrumbList\",\"@id\":\"https:\/\/kneipp-sachsen.de\/schoeneck\/wer-wir-sind\/ueber-uns\/#breadcrumb\",\"itemListElement\":[{\"@type\":\"ListItem\",\"position\":1,\"name\":\"Startseite\",\"item\":\"https:\/\/kneipp-sachsen.de\/schoeneck\/\"},{\"@type\":\"ListItem\",\"position\":2,\"name\":\"Wer wir sind\",\"item\":\"https:\/\/kneipp-sachsen.de\/schoeneck\/wer-wir-sind\/\"},{\"@type\":\"ListItem\",\"position\":3,\"name\":\"\u00dcber uns\"}]},{\"@type\":\"WebSite\",\"@id\":\"https:\/\/kneipp-sachsen.de\/schoeneck\/#website\",\"url\":\"https:\/\/kneipp-sachsen.de\/schoeneck\/\",\"name\":\"Kneipp-Verein Sch\u00f6neck e.V.\",\"description\":\"Eine weitere WordPress-Website\",\"potentialAction\":[{\"@type\":\"SearchAction\",\"target\":{\"@type\":\"EntryPoint\",\"urlTemplate\":\"https:\/\/kneipp-sachsen.de\/schoeneck\/?s={search_term_string}\"},\"query-input\":{\"@type\":\"PropertyValueSpecification\",\"valueRequired\":true,\"valueName\":\"search_term_string\"}}],\"inLanguage\":\"de\"}]}<\/script>\n<!-- \/ Yoast SEO plugin. -->","yoast_head_json":{"title":"\u00dcber uns - Kneipp Verein Sch\u00f6neck e.V.","robots":{"index":"noindex","follow":"follow","max-snippet":"max-snippet:-1","max-image-preview":"max-image-preview:large","max-video-preview":"max-video-preview:-1"},"og_locale":"de_DE","og_type":"article","og_title":"\u00dcber uns - Kneipp Verein Sch\u00f6neck e.V.","og_description":"Der Kneipp-Verein Sch\u00f6neck wurde im November 2004 gegr\u00fcndet und widmet sich aktiv der Vermittlung und Verbreitung\u00a0der Gesundheitslehre nach Sebastian Kneipp.Die f\u00fcnf Kneippschen S\u00e4ulen - Wasser, Ern\u00e4hrung, Bewegung, Pflanzen, Ordnungstherapie - bilden die Grundlagen der Aktivit\u00e4ten des Kneipp-Vereins. Das ganze Jahr \u00fcber gibt es vielf\u00e4ltige Angebote an Kursen und Monatsveranstaltungen, die f\u00fcr alle Interessenten offen sind. [&hellip;]","og_url":"https:\/\/kneipp-sachsen.de\/schoeneck\/wer-wir-sind\/ueber-uns\/","og_site_name":"Kneipp Verein Sch\u00f6neck e.V.","article_modified_time":"2025-08-08T07:30:48+00:00","og_image":[{"width":1757,"height":959,"url":"https:\/\/kneipp-sachsen.de\/schoeneck\/wp-content\/uploads\/2025\/08\/Vorstand_Kneipp_05_25.jpg","type":"image\/jpeg"}],"twitter_card":"summary_large_image","twitter_misc":{"Gesch\u00e4tzte Lesezeit":"1\u00a0Minute"},"schema":{"@context":"https:\/\/schema.org","@graph":[{"@type":"WebPage","@id":"https:\/\/kneipp-sachsen.de\/schoeneck\/wer-wir-sind\/ueber-uns\/","url":"https:\/\/kneipp-sachsen.de\/schoeneck\/wer-wir-sind\/ueber-uns\/","name":"\u00dcber uns - Kneipp Verein Sch\u00f6neck e.V.","isPartOf":{"@id":"https:\/\/kneipp-sachsen.de\/schoeneck\/#website"},"primaryImageOfPage":{"@id":"https:\/\/kneipp-sachsen.de\/schoeneck\/wer-wir-sind\/ueber-uns\/#primaryimage"},"image":{"@id":"https:\/\/kneipp-sachsen.de\/schoeneck\/wer-wir-sind\/ueber-uns\/#primaryimage"},"thumbnailUrl":"https:\/\/kneipp-sachsen.de\/schoeneck\/wp-content\/uploads\/2025\/08\/Vorstand_Kneipp_05_25.jpg","datePublished":"2021-07-26T20:55:24+00:00","dateModified":"2025-08-08T07:30:48+00:00","breadcrumb":{"@id":"https:\/\/kneipp-sachsen.de\/schoeneck\/wer-wir-sind\/ueber-uns\/#breadcrumb"},"inLanguage":"de","potentialAction":[{"@type":"ReadAction","target":["https:\/\/kneipp-sachsen.de\/schoeneck\/wer-wir-sind\/ueber-uns\/"]}]},{"@type":"ImageObject","inLanguage":"de","@id":"https:\/\/kneipp-sachsen.de\/schoeneck\/wer-wir-sind\/ueber-uns\/#primaryimage","url":"https:\/\/kneipp-sachsen.de\/schoeneck\/wp-content\/uploads\/2025\/08\/Vorstand_Kneipp_05_25.jpg","contentUrl":"https:\/\/kneipp-sachsen.de\/schoeneck\/wp-content\/uploads\/2025\/08\/Vorstand_Kneipp_05_25.jpg","width":1757,"height":959},{"@type":"BreadcrumbList","@id":"https:\/\/kneipp-sachsen.de\/schoeneck\/wer-wir-sind\/ueber-uns\/#breadcrumb","itemListElement":[{"@type":"ListItem","position":1,"name":"Startseite","item":"https:\/\/kneipp-sachsen.de\/schoeneck\/"},{"@type":"ListItem","position":2,"name":"Wer wir sind","item":"https:\/\/kneipp-sachsen.de\/schoeneck\/wer-wir-sind\/"},{"@type":"ListItem","position":3,"name":"\u00dcber uns"}]},{"@type":"WebSite","@id":"https:\/\/kneipp-sachsen.de\/schoeneck\/#website","url":"https:\/\/kneipp-sachsen.de\/schoeneck\/","name":"Kneipp-Verein Sch\u00f6neck e.V.","description":"Eine weitere WordPress-Website","potentialAction":[{"@type":"SearchAction","target":{"@type":"EntryPoint","urlTemplate":"https:\/\/kneipp-sachsen.de\/schoeneck\/?s={search_term_string}"},"query-input":{"@type":"PropertyValueSpecification","valueRequired":true,"valueName":"search_term_string"}}],"inLanguage":"de"}]}},"builder_content":"<h1>Wer wir sind<br\/><\/h1>\n<p><strong>Der Kneipp-Verein Sch\u00f6neck wurde im November 2004 gegr\u00fcndet und widmet sich aktiv der Vermittlung und Verbreitung\u00a0der Gesundheitslehre nach Sebastian Kneipp.<\/strong><br>Die f\u00fcnf Kneippschen S\u00e4ulen - Wasser, Ern\u00e4hrung, Bewegung, Pflanzen, Ordnungstherapie - bilden die Grundlagen der Aktivit\u00e4ten des Kneipp-Vereins. Das ganze Jahr \u00fcber gibt es vielf\u00e4ltige Angebote an Kursen und Monatsveranstaltungen, die f\u00fcr alle Interessenten offen sind.<\/p> <p>Unsere Heimatstadt Sch\u00f6neck- ein wirklich \u201esch\u00f6nes Eck\u201c\u2013 der Balkon des Vogtlandes.<\/p> <p><a href=\"https:\/\/www.stadt-schoeneck.de\/\">Stadt Sch\u00f6neck \/ Vogtland | Der Balkon des Vogtlands<\/a><\/p>\n<h1>Vorstand<br\/><\/h1>\n<img src=\"https:\/\/kneipp-sachsen.de\/schoeneck\/wp-content\/uploads\/2025\/08\/Vorstand_Kneipp_05_25.jpg\" title=\"Vorstand_Kneipp_05_25\" alt=\"Vorstand_Kneipp_05_25\" srcset=\"https:\/\/kneipp-sachsen.de\/schoeneck\/wp-content\/uploads\/2025\/08\/Vorstand_Kneipp_05_25.jpg 1757w, https:\/\/kneipp-sachsen.de\/schoeneck\/wp-content\/uploads\/2025\/08\/Vorstand_Kneipp_05_25-300x164.jpg 300w, https:\/\/kneipp-sachsen.de\/schoeneck\/wp-content\/uploads\/2025\/08\/Vorstand_Kneipp_05_25-1024x559.jpg 1024w, https:\/\/kneipp-sachsen.de\/schoeneck\/wp-content\/uploads\/2025\/08\/Vorstand_Kneipp_05_25-768x419.jpg 768w, https:\/\/kneipp-sachsen.de\/schoeneck\/wp-content\/uploads\/2025\/08\/Vorstand_Kneipp_05_25-1536x838.jpg 1536w\" sizes=\"(max-width: 1757px) 100vw, 1757px\" \/>\n<p style=\"text-align: center;\">Vorsitzende Kerstin Weinper<br>Stellv. Vorsitzender Dr. med. Gregor D\u00f6ring<br>Schatzmeisterin Petra Hildebrand<br>Beisitzerin Claudia Bangert<br>Beisitzerin Sandra Engelbrecht<br>Beisitzerin Bianca Weigelt<br>Kassenpr\u00fcferin Sandy Schmidt<br>Kassenpr\u00fcferin Manuela Petermann<br>Beratend f\u00fcr den Vorstand: Heike Meinel, Dr. Ing. Danny Messig<\/p>","_links":{"self":[{"href":"https:\/\/kneipp-sachsen.de\/schoeneck\/wp-json\/wp\/v2\/pages\/58","targetHints":{"allow":["GET"]}}],"collection":[{"href":"https:\/\/kneipp-sachsen.de\/schoeneck\/wp-json\/wp\/v2\/pages"}],"about":[{"href":"https:\/\/kneipp-sachsen.de\/schoeneck\/wp-json\/wp\/v2\/types\/page"}],"author":[{"embeddable":true,"href":"https:\/\/kneipp-sachsen.de\/schoeneck\/wp-json\/wp\/v2\/users\/2"}],"replies":[{"embeddable":true,"href":"https:\/\/kneipp-sachsen.de\/schoeneck\/wp-json\/wp\/v2\/comments?post=58"}],"version-history":[{"count":12,"href":"https:\/\/kneipp-sachsen.de\/schoeneck\/wp-json\/wp\/v2\/pages\/58\/revisions"}],"predecessor-version":[{"id":495,"href":"https:\/\/kneipp-sachsen.de\/schoeneck\/wp-json\/wp\/v2\/pages\/58\/revisions\/495"}],"up":[{"embeddable":true,"href":"https:\/\/kneipp-sachsen.de\/schoeneck\/wp-json\/wp\/v2\/pages\/64"}],"wp:attachment":[{"href":"https:\/\/kneipp-sachsen.de\/schoeneck\/wp-json\/wp\/v2\/media?parent=58"}],"curies":[{"name":"wp","href":"https:\/\/api.w.org\/{rel}","templated":true}]}}