{"id":62,"date":"2021-07-26T22:57:14","date_gmt":"2021-07-26T20:57:14","guid":{"rendered":"https:\/\/www.kneipp-sachsen.de\/bad-schlema\/?page_id=62"},"modified":"2026-01-05T09:58:34","modified_gmt":"2026-01-05T08:58:34","slug":"satzung","status":"publish","type":"page","link":"https:\/\/kneipp-sachsen.de\/schoeneck\/wer-wir-sind\/ueber-uns\/satzung\/","title":{"rendered":"Satzung"},"content":{"rendered":"<!--themify_builder_content-->\n<div id=\"themify_builder_content-62\" data-postid=\"62\" class=\"themify_builder_content themify_builder_content-62 themify_builder tf_clear\">\n                    <div  data-lazy=\"1\" class=\"module_row themify_builder_row tb_8ojl402 tb_first tf_w\">\n                        <div class=\"row_inner col_align_top tb_col_count_1 tf_box tf_rel\">\n                        <div  data-lazy=\"1\" class=\"module_column tb-column col-full tb_qtoh406 first\">\n                            <div  data-lazy=\"1\" class=\"module_subrow themify_builder_sub_row tf_w col_align_top tb_col_count_1 tb_nw3f407\">\n                <div  data-lazy=\"1\" class=\"module_column sub_column col-full tb_714y411 first\">\n                    <!-- module fancy heading -->\n<div  class=\"module module-fancy-heading tb_jhze412 \" data-lazy=\"1\">\n        <h1 class=\"fancy-heading\">\n    <span class=\"main-head tf_block\">\n                    Satzung            <\/span>\n\n    \n    <span class=\"sub-head tf_block tf_rel\">\n                                <\/span>\n    <\/h1>\n<\/div>\n<!-- \/module fancy heading -->\n<!-- module text -->\n<div  class=\"module module-text tb_gx5f418   \" data-lazy=\"1\">\n    <h3 class=\"module-title\">Satzung vom Kneipp-Verein Sch\u00f6neck<\/h3>    <div  class=\"tb_text_wrap\">\n        <p>Unsere Satzung k\u00f6nnen Sie hier einsehen: <a href=\"https:\/\/kneipp-sachsen.de\/schoeneck\/wp-content\/uploads\/2026\/01\/Satzung-neu-23.9.22-Kneipp_Verein_Schoeneck.pdf\" target=\"_blank\" rel=\"noopener\">Satzung Kneipp-Verein Sch\u00f6neck<\/a><\/p>    <\/div>\n<\/div>\n<!-- \/module text -->        <\/div>\n                    <\/div>\n                <\/div>\n                        <\/div>\n        <\/div>\n        <\/div>\n<!--\/themify_builder_content-->","protected":false},"excerpt":{"rendered":"<p>Unsere Satzung k\u00f6nnen Sie hier einsehen: Satzung Kneipp-Verein Sch\u00f6neck<\/p>\n","protected":false},"author":2,"featured_media":0,"parent":58,"menu_order":0,"comment_status":"closed","ping_status":"closed","template":"","meta":{"footnotes":"","advanced-sidebar-menu\/link-title":"","advanced-sidebar-menu\/exclude-page":false},"class_list":["post-62","page","type-page","status-publish","hentry","has-post-title","has-post-date","has-post-category","has-post-tag","has-post-comment","has-post-author",""],"yoast_head":"<!-- This site is optimized with the Yoast SEO plugin v25.6 - https:\/\/yoast.com\/wordpress\/plugins\/seo\/ -->\n<title>Satzung - Kneipp Verein Sch\u00f6neck e.V.<\/title>\n<meta name=\"robots\" content=\"noindex, follow, max-snippet:-1, max-image-preview:large, max-video-preview:-1\" \/>\n<meta property=\"og:locale\" content=\"de_DE\" \/>\n<meta property=\"og:type\" content=\"article\" \/>\n<meta property=\"og:title\" content=\"Satzung - Kneipp Verein Sch\u00f6neck e.V.\" \/>\n<meta property=\"og:description\" content=\"Unsere Satzung k\u00f6nnen Sie hier einsehen: Satzung Kneipp-Verein Sch\u00f6neck\" \/>\n<meta property=\"og:url\" content=\"https:\/\/kneipp-sachsen.de\/schoeneck\/wer-wir-sind\/ueber-uns\/satzung\/\" \/>\n<meta property=\"og:site_name\" content=\"Kneipp Verein Sch\u00f6neck e.V.\" \/>\n<meta property=\"article:modified_time\" content=\"2026-01-05T08:58:34+00:00\" \/>\n<meta name=\"twitter:card\" content=\"summary_large_image\" \/>\n<meta name=\"twitter:label1\" content=\"Gesch\u00e4tzte Lesezeit\" \/>\n\t<meta name=\"twitter:data1\" content=\"1\u00a0Minute\" \/>\n<script type=\"application\/ld+json\" class=\"yoast-schema-graph\">{\"@context\":\"https:\/\/schema.org\",\"@graph\":[{\"@type\":\"WebPage\",\"@id\":\"https:\/\/kneipp-sachsen.de\/schoeneck\/wer-wir-sind\/ueber-uns\/satzung\/\",\"url\":\"https:\/\/kneipp-sachsen.de\/schoeneck\/wer-wir-sind\/ueber-uns\/satzung\/\",\"name\":\"Satzung - Kneipp Verein Sch\u00f6neck e.V.\",\"isPartOf\":{\"@id\":\"https:\/\/kneipp-sachsen.de\/schoeneck\/#website\"},\"datePublished\":\"2021-07-26T20:57:14+00:00\",\"dateModified\":\"2026-01-05T08:58:34+00:00\",\"breadcrumb\":{\"@id\":\"https:\/\/kneipp-sachsen.de\/schoeneck\/wer-wir-sind\/ueber-uns\/satzung\/#breadcrumb\"},\"inLanguage\":\"de\",\"potentialAction\":[{\"@type\":\"ReadAction\",\"target\":[\"https:\/\/kneipp-sachsen.de\/schoeneck\/wer-wir-sind\/ueber-uns\/satzung\/\"]}]},{\"@type\":\"BreadcrumbList\",\"@id\":\"https:\/\/kneipp-sachsen.de\/schoeneck\/wer-wir-sind\/ueber-uns\/satzung\/#breadcrumb\",\"itemListElement\":[{\"@type\":\"ListItem\",\"position\":1,\"name\":\"Startseite\",\"item\":\"https:\/\/kneipp-sachsen.de\/schoeneck\/\"},{\"@type\":\"ListItem\",\"position\":2,\"name\":\"Wer wir sind\",\"item\":\"https:\/\/kneipp-sachsen.de\/schoeneck\/wer-wir-sind\/\"},{\"@type\":\"ListItem\",\"position\":3,\"name\":\"\u00dcber uns\",\"item\":\"https:\/\/kneipp-sachsen.de\/schoeneck\/wer-wir-sind\/ueber-uns\/\"},{\"@type\":\"ListItem\",\"position\":4,\"name\":\"Satzung\"}]},{\"@type\":\"WebSite\",\"@id\":\"https:\/\/kneipp-sachsen.de\/schoeneck\/#website\",\"url\":\"https:\/\/kneipp-sachsen.de\/schoeneck\/\",\"name\":\"Kneipp-Verein Sch\u00f6neck e.V.\",\"description\":\"Eine weitere WordPress-Website\",\"potentialAction\":[{\"@type\":\"SearchAction\",\"target\":{\"@type\":\"EntryPoint\",\"urlTemplate\":\"https:\/\/kneipp-sachsen.de\/schoeneck\/?s={search_term_string}\"},\"query-input\":{\"@type\":\"PropertyValueSpecification\",\"valueRequired\":true,\"valueName\":\"search_term_string\"}}],\"inLanguage\":\"de\"}]}<\/script>\n<!-- \/ Yoast SEO plugin. -->","yoast_head_json":{"title":"Satzung - Kneipp Verein Sch\u00f6neck e.V.","robots":{"index":"noindex","follow":"follow","max-snippet":"max-snippet:-1","max-image-preview":"max-image-preview:large","max-video-preview":"max-video-preview:-1"},"og_locale":"de_DE","og_type":"article","og_title":"Satzung - Kneipp Verein Sch\u00f6neck e.V.","og_description":"Unsere Satzung k\u00f6nnen Sie hier einsehen: Satzung Kneipp-Verein Sch\u00f6neck","og_url":"https:\/\/kneipp-sachsen.de\/schoeneck\/wer-wir-sind\/ueber-uns\/satzung\/","og_site_name":"Kneipp Verein Sch\u00f6neck e.V.","article_modified_time":"2026-01-05T08:58:34+00:00","twitter_card":"summary_large_image","twitter_misc":{"Gesch\u00e4tzte Lesezeit":"1\u00a0Minute"},"schema":{"@context":"https:\/\/schema.org","@graph":[{"@type":"WebPage","@id":"https:\/\/kneipp-sachsen.de\/schoeneck\/wer-wir-sind\/ueber-uns\/satzung\/","url":"https:\/\/kneipp-sachsen.de\/schoeneck\/wer-wir-sind\/ueber-uns\/satzung\/","name":"Satzung - Kneipp Verein Sch\u00f6neck e.V.","isPartOf":{"@id":"https:\/\/kneipp-sachsen.de\/schoeneck\/#website"},"datePublished":"2021-07-26T20:57:14+00:00","dateModified":"2026-01-05T08:58:34+00:00","breadcrumb":{"@id":"https:\/\/kneipp-sachsen.de\/schoeneck\/wer-wir-sind\/ueber-uns\/satzung\/#breadcrumb"},"inLanguage":"de","potentialAction":[{"@type":"ReadAction","target":["https:\/\/kneipp-sachsen.de\/schoeneck\/wer-wir-sind\/ueber-uns\/satzung\/"]}]},{"@type":"BreadcrumbList","@id":"https:\/\/kneipp-sachsen.de\/schoeneck\/wer-wir-sind\/ueber-uns\/satzung\/#breadcrumb","itemListElement":[{"@type":"ListItem","position":1,"name":"Startseite","item":"https:\/\/kneipp-sachsen.de\/schoeneck\/"},{"@type":"ListItem","position":2,"name":"Wer wir sind","item":"https:\/\/kneipp-sachsen.de\/schoeneck\/wer-wir-sind\/"},{"@type":"ListItem","position":3,"name":"\u00dcber uns","item":"https:\/\/kneipp-sachsen.de\/schoeneck\/wer-wir-sind\/ueber-uns\/"},{"@type":"ListItem","position":4,"name":"Satzung"}]},{"@type":"WebSite","@id":"https:\/\/kneipp-sachsen.de\/schoeneck\/#website","url":"https:\/\/kneipp-sachsen.de\/schoeneck\/","name":"Kneipp-Verein Sch\u00f6neck e.V.","description":"Eine weitere WordPress-Website","potentialAction":[{"@type":"SearchAction","target":{"@type":"EntryPoint","urlTemplate":"https:\/\/kneipp-sachsen.de\/schoeneck\/?s={search_term_string}"},"query-input":{"@type":"PropertyValueSpecification","valueRequired":true,"valueName":"search_term_string"}}],"inLanguage":"de"}]}},"builder_content":"<h1>Satzung<br\/><\/h1>\n<h3>Satzung vom Kneipp-Verein Sch\u00f6neck<\/h3> <p>Unsere Satzung k\u00f6nnen Sie hier einsehen: <a href=\"https:\/\/kneipp-sachsen.de\/schoeneck\/wp-content\/uploads\/2026\/01\/Satzung-neu-23.9.22-Kneipp_Verein_Schoeneck.pdf\" target=\"_blank\" rel=\"noopener\">Satzung Kneipp-Verein Sch\u00f6neck<\/a><\/p>","_links":{"self":[{"href":"https:\/\/kneipp-sachsen.de\/schoeneck\/wp-json\/wp\/v2\/pages\/62","targetHints":{"allow":["GET"]}}],"collection":[{"href":"https:\/\/kneipp-sachsen.de\/schoeneck\/wp-json\/wp\/v2\/pages"}],"about":[{"href":"https:\/\/kneipp-sachsen.de\/schoeneck\/wp-json\/wp\/v2\/types\/page"}],"author":[{"embeddable":true,"href":"https:\/\/kneipp-sachsen.de\/schoeneck\/wp-json\/wp\/v2\/users\/2"}],"replies":[{"embeddable":true,"href":"https:\/\/kneipp-sachsen.de\/schoeneck\/wp-json\/wp\/v2\/comments?post=62"}],"version-history":[{"count":11,"href":"https:\/\/kneipp-sachsen.de\/schoeneck\/wp-json\/wp\/v2\/pages\/62\/revisions"}],"predecessor-version":[{"id":553,"href":"https:\/\/kneipp-sachsen.de\/schoeneck\/wp-json\/wp\/v2\/pages\/62\/revisions\/553"}],"up":[{"embeddable":true,"href":"https:\/\/kneipp-sachsen.de\/schoeneck\/wp-json\/wp\/v2\/pages\/58"}],"wp:attachment":[{"href":"https:\/\/kneipp-sachsen.de\/schoeneck\/wp-json\/wp\/v2\/media?parent=62"}],"curies":[{"name":"wp","href":"https:\/\/api.w.org\/{rel}","templated":true}]}}